20).
-22
Let a(m) = -m**3 - 9*m**2 - 7*m. What is a(-8)?
-8
Let l(r) = -4*r + 18. Determine l(-8).
50
Let t(j) = 8*j**3 - 2*j**2 + j - 6. Calculate t(2).
52
Let x(c) = 20*c + 157. Give x(-9).
-23
Let z(h) = 11*h + 347. What is z(-31)?
6
Let b(d) = d - 1. What is b(2)?
1
Let g(d) = d**2 + 6*d - 8. Calculate g(-6).
-8
Let t(p) = p**2 + 3*p + 2. Determine t(-2).
0
Let y(o) = -4*o**3 - 2*o**2 + o + 1. What is y(-1)?
2
Let s(d) = -d**2 - 17*d + 5. Give s(-17).
5
Let u(m) = -37*m - 8. Give u(-1).
29
Let j(u) = -29*u**3 + u**2 - u + 1. Give j(1).
-28
Let a(w) = w**3 - 22*w**2 + 22*w - 19. What is a(21)?
2
Let l(k) = 3*k - 1. Determine l(5).
14
Let y(n) = 6*n - 112. What is y(22)?
20
Let x(f) = f**3 + 10*f**2 + 4*f - 89. Give x(-8).
7
Let l(k) = k**2 - 4*k - 10. Give l(7).
11
Let s(o) = o**3 + 5*o**2 + 3*o + 14. What is s(-5)?
-1
Let z(w) = -w - 3. Determine z(-9).
6
Let s(w) = -w**3 + 11*w**2 - 10*w - 4. What is s(10)?
-4
Let v(r) = r**2 + 45*r - 185. Determine v(4).
11
Let a(x) = -40*x**3 + x**2 + 2*x + 1. What is a(-1)?
40
Let w(z) = z**3 + 8*z**2 + 2*z + 16. Determine w(-8).
0
Let i(d) = -7*d + 6. What is i(2)?
-8
Let v(r) = -2*r**3 - 5*r**2 - 4*r + 1. What is v(-2)?
5
Let j(z) = -z**3 + 2*z**2 + 24*z - 2. Determine j(-4).
-2
Let m(x) = -x + 2. Calculate m(-18).
20
Let c(x) = 2*x - 10. What is c(-4)?
-18
Let u(q) = 2*q**2 - 30*q - 34. Give u(16).
-2
Let g(p) = p**2 + 9*p - 23. Calculate g(-11).
-1
Let v(a) = -2*a**3 + 10*a**2 + 12*a - 1. Calculate v(6).
-1
Let d(w) = 7*w + 9. Determine d(7).
58
Let t(o) = -2*o**3 + 9*o**2 + 5*o + 2. Calculate t(5).
2
Let q(j) = -17*j - 160. Give q(-12).
44
Let o(n) = n**2 + 13*n - 56. Calculate o(-16).
-8
Let w(r) = -r**3 + 6*r**2 - 3*r + 8. Calculate w(6).
-10
Let c(p) = 2*p**3 - 11*p**2 - 24*p + 24. Give c(7).
3
Let b(j) = -4*j**2 - 34*j + 10. Determine b(-9).
-8
Let s(z) = -4*z + 32. Give s(-3).
44
Let c(l) = l**3 - 4*l**2 - 12*l - 1. What is c(6)?
-1
Let f(i) = i**3 - 2*i**2 - 3*i + 5. What is f(2)?
-1
Let k(z) = -z**2 + 11*z + 10. Calculate k(11).
10
Let z(x) = -x**3 + 11*x**2 - 5*x - 53. Give z(10).
-3
Let m(a) = -2*a**2 - 3*a + 11. Calculate m(-6).
-43
Let s(h) = -9*h - 50. What is s(-8)?
22
Let n(p) = -2*p - 6. What is n(-3)?
0
Let r(t) = t**3 - 8*t**2 + 11*t + 4. Calculate r(6).
-2
Let m(i) = i**3 - 8*i**2 + 15*i - 11. Determine m(6).
7
Let v(n) = -3*n**3 - 2*n**2 + 2*n + 1. Calculate v(-2).
13
Let q(a) = -a**2 - 21*a - 39. Determine q(-18).
15
Let k(d) = d**2 + 16*d - 5. What is k(-17)?
12
Let c(h) = -h**2 + 3*h + 40. Determine c(8).
0
Let g(x) = -x**2 - 8*x - 1. Determine g(-9).
-10
Let m(a) = -a**3 + 12*a**2 - 9*a - 18. Give m(11).
4
Let o(r) = -4*r**2 - 4*r - 1. Determine o(-3).
-25
Let z(g) = -3*g + 104. What is z(35)?
-1
Let w(u) = -u**3 - 8*u**2 + 2. Give w(-7).
-47
Let q(c) = 2*c**2 + 4*c + 4. Give q(-4).
20
Let d(j) = -j**2 - 14. Give d(3).
-23
Let j(q) = -q**2 + 2*q - 2. Calculate j(-4).
-26
Let v(r) = -r**2 + 2*r + 88. Determine v(9).
25
Let l(h) = 2*h**2 + 10*h + 7. Determine l(-4).
-1
Let z(n) = -n**3 - 9*n**2 + 4*n + 42. What is z(-9)?
6
Let k(z) = z**2 - z + 1. Give k(-3).
13
Let n(o) = 4*o**3 + o**2 - o + 1. Give n(1).
5
Let s(q) = q**2 + 6*q - 14. Determine s(-10).
26
Let n(u) = 6*u - 97. What is n(31)?
89
Let h(a) = -a**3 + 5*a**2 - 7*a - 1. Determine h(5).
-36
Let x(v) = -2*v - 8. Give x(-12).
16
Let s(x) = 5*x**3 + 2*x**2 - 8*x + 7. Determine s(1).
6
Let p(b) = -9*b - 6. Calculate p(-5).
39
Let b(k) = k**3 - 8*k**2 + 8*k + 4. What is b(7)?
11
Let c(b) = b**3 + 5*b**2 + 4*b + 3. Calculate c(-2).
7
Let i(h) = h + 2. Determine i(4).
6
Let b(w) = -w**2 - 18*w + 43. Give b(-20).
3
Let j(t) = 4*t + 32. Give j(-12).
-16
Let r(t) = t**2 - 9*t - 87. What is r(16)?
25
Let o(u) = u**3 - 15*u**2 + 16*u + 12. Calculate o(14).
40
Let d(r) = -2*r**3 - 73*r**2 + 42*r + 188. Give d(-37).
3
Let h(t) = 9*t**2 - 19*t + 65. Give h(4).
133
Let o(u) = -4*u**3 - 2*u**2 - 8*u - 4. Determine o(-3).
110
Let l(w) = 3*w**2 - 2*w + 7. Determine l(4).
47
Let l(y) = y**3 - 8*y**2 + 5*y + 4. Give l(6).
-38
Let y(i) = -2*i**2 + i + 8. Give y(0).
8
Let n(p) = -p**3 + 13*p**2 - 23*p - 12. Calculate n(11).
-23
Let b(y) = -6*y + 10. Give b(9).
-44
Let y(t) = 6*t**3 - 36*t**2 - 13. Calculate y(6).
-13
Let m(a) = 10*a - 3. Give m(-6).
-63
Let j(n) = -n**2 + 12*n - 4. Determine j(11).
7
Let i(u) = -u**3 + 38*u**2 + 38*u + 35. What is i(39)?
-4
Let o(s) = -15*s - 503. Determine o(-34).
7
Let u(i) = 14*i - 3. Calculate u(1).
11
Let n(c) = -c + 57. What is n(21)?
36
Let t(h) = 6*h - 11. What is t(8)?
37
Let d(l) = -l**3 + 12*l**2 - 11*l - 8. What is d(11)?
-8
Let c(o) = 2*o + 64. Calculate c(-27).
10
Let d(z) = -z**3 - 14*z**2 + 11*z - 11. Calculate d(-15).
49
Let n(p) = -p + 4. Give n(7).
-3
Let a(s) = -6*s + 2. Give a(1).
-4
Let a(y) = 2*y**2 - 4*y + 2. What is a(-4)?
50
Let u(t) = -7*t + 4. Give u(-6).
46
Let t(h) = -14*h + 21. Calculate t(3).
-21
Let k(w) = 8*w + 2. Give k(-4).
-30
Let f(o) = -2*o + 15. Determine f(5).
5
Let y(b) = -b**3 + 12*b**2 + 26*b + 21. Give y(14).
-7
Let y(u) = 259*u - 771. Give y(3).
6
Let k(w) = -w**2 + w + 4. Calculate k(5).
-16
Let k(i) = 10*i - 3. Determine k(-7).
-73
Let h(b) = 4*b**2 + 27*b - 80. Determine h(-9).
1
Let p(w) = -5*w - 47. Determine p(-20).
53
Let n(l) = -l**2 + 15*l + 115. Determine n(-6).
-11
Let d(i) = -4*i**2 - 2*i + 2. Determine d(2).
-18
Let n(h) = 4*h + 4. What is n(-2)?
-4
Let k(j) = j**3 - 3*j**2 - 16. Calculate k(4).
0
Let w(h) = h**2 + 16. What is w(0)?
16
Let d(y) = -y**2 + 16*y - 33. Give d(14).
-5
Let v(u) = u - 4. What is v(10)?
6
Let r(z) = -z**3 - 39*z**2 + 42*z + 79. Determine r(-40).
-1
Let u(d) = 2*d + 5. What is u(0)?
5
Let b(a) = -a**3 - 12*a**2 + 11*a - 21. Determine b(-13).
5
Let x(b) = 7*b - 37. Calculate x(7).
12
Let p(j) = j**3 + 14*j**2 - 14*j + 26. Calculate p(-15).
11
Let n(h) = 2*h**2 + 32*h - 40. What is n(-17)?
-6
Let z(q) = -q**2 + 2*q + 1. Give z(-2).
-7
Let w(m) = m**2 - 23*m + 20. What is w(14)?
-106
Let x(h) = -h**2 + 20*h - 59. Determine x(16).
5
Let j(d) = 2*d**2 + 7*d + 1. Calculate j(-4).
5
Let j(g) = g**3 + 3*g**2 - 4*g - 11. Give j(3).
31
Let j(k) = -4*k + 15. What is j(5)?
-5
Let h(k) = -k**3 + 7*k**2 + k - 4. Calculate h(7).
3
Let x(s) = s**3 - 17*s**2 - 20*s + 21. What is x(18)?
-15
Let n(u) = -u**2 - 8*u - 5. Give n(-9).
-14
Let o(q) = 9*q**3 - q - 2. What is o(-2)?
-72
Let r(l) = l**2 + 18*l - 171. Calculate r(-25).
4
Let h(z) = 2*z**2 - 2*z - 8. Determine h(4).
16
Let n(m) = -20*m**3 + m + 1. Calculate n(-1).
20
Let i(c) = -30*c + 3. Calculate i(-1).
33
Let j(o) = -12*o - 110. Calculate j(-8).
-14
Let m(d) = -d**2 + 25*d - 7. Give m(25).
-7
Let o(a) = a**3 + a**2 - 3. Give o(2).
9
Let p(k) = k**2 + 7*k - 8. What is p(-9)?
10
Let j(s) = s**3 - 6*s + 2. Determine j(-3).
-7
Let b(m) = -m. Determine b(-3).
3
Let g(b) = -b - 2. Calculate g(-1).
-1
Let w(c) = -c**2 - 17*c. What is w(-15)?
30
Let z(i) = -6*i + 21. Calculate z(8).
-27
Let q(b) = 4*b - 4. Calculate q(4).
12
Let c(j) = -j**3 - 10*j**2 - 2*j + 1. What is c(-9)?
-62
Let p(a) = -a - 2. Calculate p(-9).
7
Let b(j) = 6*j**3 - 2*j**2 + j + 1. What is b(1)?
6
Let o(x) = 5*x**2 + 4*x - 5. Calculate o(-5).
100
Let a(k) = -22*k + 2. Give a(1).
-20
Let s(r) = -3*r - 16. Give s(-4).
-4
Let k(h) = -h**3 + 2*h**2 + h. Determine k(-2).
14
Let p(y) = -8*y**2. Give p(1).
-8
Let r(f) = -63*f - 60. What is r(-1)?
3
Let n(p) = 4*p - 5. Give n(3).
7
Let n(l) = l**2 - 5*l + 10. Calculate n(4).
6
Let q(y) = 3*y**2 + 26*y - 1. Give q(-10).
39
Let r(g) = 5*g - 6. Calculate r(2).
4
Let j(g) = -8*g**3 - 3*g**2 - 2*g - 3. Give j(-2).
53
Let m(k) = -k**3 + 12*k**2 - 9*k + 5. What is m(11)?
27
Let c(r) = 4*r - 23. Calculate c(-11).
-67
Let z(p) = 8*p - 10. Give z(-4).
-42
Let c(i) = -i**2 + 17*i + 349. Calculate c(29).
1
Let l(f) = 3*f**3 - 17*f**2 - 6*f + 7. What is l(6)?
7
Let b(i) = -i**2 - 28*i - 174. Calculate b(-7).
-27
Let x(c) = c**2 + 16*c - 6. Calculate x(-16).
-6
Let f(k) = k**3 + 13*k**2 + 13*k + 1. Calculate f(-12).
-11
Let b(y) = -y**2 + 2*y + 1. Determine b(-1).
-2
Let s(l) = -l**3 + l**2 - l - 13. Calculate s(0).
-13
Let p(u) = -7*u + 55. Calculate p(13).
-36
Let p(u) = u**3 + 7*u**2 - 2. What is p(-7)?
-2
Let u(r) = 10*r + 201. What is u(0)?
201
Let u(v) = -17*v - 33. Calculate u(-